 divided by 150.
122
What is the remainder when 710 is divided by 60?
50
What is the remainder when 650 is divided by 93?
92
Calculate the remainder when 444 is divided by 11.
4
What is the remainder when 251 is divided by 67?
50
What is the remainder when 1001 is divided by 100?
1
What is the remainder when 1460 is divided by 77?
74
Calculate the remainder when 6899 is divided by 92.
91
What is the remainder when 100 is divided by 94?
6
Calculate the remainder when 83 is divided by 49.
34
What is the remainder when 132 is divided by 47?
38
What is the remainder when 1846 is divided by 615?
1
Calculate the remainder when 3601 is divided by 360.
1
What is the remainder when 1183 is divided by 15?
13
What is the remainder when 62 is divided by 37?
25
What is the remainder when 268 is divided by 15?
13
Calculate the remainder when 41988 is divided by 85.
83
What is the remainder when 227 is divided by 57?
56
What is the remainder when 213 is divided by 71?
0
Calculate the remainder when 61 is divided by 4.
1
Calculate the remainder when 333 is divided by 6.
3
Calculate the remainder when 294 is divided by 108.
78
What is the remainder when 640 is divided by 26?
16
Calculate the remainder when 477 is divided by 8.
5
What is the remainder when 263 is divided by 31?
15
Calculate the remainder when 29 is divided by 9.
2
Calculate the remainder when 44 is divided by 17.
10
What is the remainder when 1110 is divided by 30?
0
Calculate the remainder when 112 is divided by 110.
2
What is the remainder when 2465 is divided by 38?
33
What is the remainder when 195 is divided by 67?
61
Calculate the remainder when 1570 is divided by 45.
40
Calculate the remainder when 349 is divided by 8.
5
What is the remainder when 279 is divided by 71?
66
What is the remainder when 575 is divided by 146?
137
Calculate the remainder when 203 is divided by 17.
16
Calculate the remainder when 13282 is divided by 103.
98
What is the remainder when 72 is divided by 25?
22
Calculate the remainder when 99 is divided by 30.
9
What is the remainder when 285 is divided by 12?
9
What is the remainder when 5281 is divided by 151?
147
What is the remainder when 529 is divided by 268?
261
What is the remainder when 117 is divided by 31?
24
Calculate the remainder when 1065 is divided by 19.
1
Calculate the remainder when 522 is divided by 11.
5
What is the remainder when 342 is divided by 23?
20
What is the remainder when 34 is divided by 12?
10
Calculate the remainder when 197 is divided by 78.
41
What is the remainder when 39 is divided by 22?
17
What is the remainder when 4772 is divided by 5?
2
Calculate the remainder when 16035 is divided by 54.
51
What is the remainder when 244 is divided by 50?
44
Calculate the remainder when 926 is divided by 51.
8
Calculate the remainder when 57 is divided by 17.
6
Calculate the remainder when 1476 is divided by 7.
6
Calculate the remainder when 344 is divided by 69.
68
Calculate the remainder when 60 is divided by 32.
28
What is the remainder when 31 is divided by 17?
14
What is the remainder when 86 is divided by 43?
0
What is the remainder when 1021 is divided by 32?
29
What is the remainder when 5528 is divided by 70?
68
What is the remainder when 150 is divided by 45?
15
Calculate the remainder when 325 is divided by 120.
85
Calculate the remainder when 1719 is divided by 288.
279
Calculate the remainder when 2440 is divided by 102.
94
Calculate the remainder when 766 is divided by 73.
36
Calculate the remainder when 164 is divided by 30.
14
What is the remainder when 14507 is divided by 11?
9
Calculate the remainder when 466 is divided by 26.
24
What is the remainder when 1715 is divided by 565?
20
What is the remainder when 106 is divided by 50?
6
Calculate the remainder when 782 is divided by 197.
191
Calculate the remainder when 1305 is divided by 32.
25
Calculate the remainder when 2772 is divided by 111.
108
What is the remainder when 423 is divided by 106?
105
Calculate the remainder when 177 is divided by 20.
17
What is the remainder when 1544 is divided by 12?
8
Calculate the remainder when 590 is divided by 27.
23
Calculate the remainder when 110 is divided by 3.
2
Calculate the remainder when 175 is divided by 8.
7
What is the remainder when 225 is divided by 39?
30
What is the remainder when 41 is divided by 5?
1
What is the remainder when 60 is divided by 28?
4
Calculate the remainder when 332 is divided by 20.
12
Calculate the remainder when 621 is divided by 117.
36
Calculate the remainder when 109 is divided by 11.
10
What is the remainder when 190 is divided by 107?
83
What is the remainder when 1135 is divided by 16?
15
What is the remainder when 208 is divided by 36?
28
What is the remainder when 1473 is divided by 59?
57
What is the remainder when 315 is divided by 53?
50
Calculate the remainder when 1443 is divided by 85.
83
Calculate the remainder when 2462 is divided by 56.
54
What is the remainder when 14767 is divided by 211?
208
Calculate the remainder when 337 is divided by 182.
155
What is the remainder when 573 is divided by 371?
202
Calculate the remainder when 40 is divided by 14.
12
Calculate the remainder when 393 is divided by 389.
4
What is the remainder when 155 is divided by 23?
17
What is the remainder when 2069 is divided by 46?
45
What is the remainder when 348 is divided by 88?
84
What is the remainder when 116 is divided by 39?
38
What is the remainder when 298 is divided by 42?
4
Calculate the remainder when 1117 is divided by 226.
213
What is the remainder when 1887 is divided by 18?
15
Calculate the remainder when 83 is divided by 17.
15
Calculate the remainder when 52 is divided by 8.
4
What is the remainder when 1637 is divided by 7?
6
Calculate the remainder when 994 is divided by 141.
7
Calculate the remainder when 23 is divided by 15.
8
What is the remainder when 77 is divided by 39?
38
Calculate the remainder when 6884 is divided by 255.
254
What is the remainder when 200 is divided by 51?
47
What is the remainder when 372 is divided by 10?
2
Calculate the remainder when 479 is divided by 143.
50
Calculate the remainder when 174 is divided by 22.
20
Calculate the remainder when 970 is divided by 27.
25
What is the remainder when 79 is divided by 28?
23
What is the remainder when 26 is divided by 2?
0
Calculate the remainder when 43 is divided by 9.
7
Calculate the remainder when 514 is divided by 174.
166
Calculate the remainder when 1217 is divided by 20.
17
What is the remainder when 554 is divided by 62?
58
Calculate the remainder when 262 is divided by 39.
28
Calculate the remainder when 257 is divided by 7.
5
What is the remainder when 433 is divided by 185?
63
What is the remainder when 175 is divided by 44?
43
Calculate the remainder when 2665 is divided by 1332.
1
Calculate the remainder when 108 is divided by 22.
20
Calculate the remainder when 140 is divided by 32.
12
Calculate the remainder when 441 is divided by 58.
35
What is the remainder when 938 is divided by 182?
28
Calculate the remainder when 47 is divided by 12.
11
What is the remainder when 1126 is divided by 23?
22
What is the remainder when 322 is divided by 69?
46
What is the remainder when 768 is divided by 107?
19
Calculate the remainder when 8044 is divided by 9.
7
Calculate the remainder when 764 is divided by 349.
66
Calculate the remainder when 133 is divided by 30.
13
What is the remainder when 1354 is divided by 170?
164
Calculate the remainder when 61 is divided by 52.
9
Calculate the remainder when 953 is divided by 86.
7
Calculate the remainder when 150 is divided by 22.
18
What is the remainder when 8365 is divided by 89?
88
What is the remainder when 81 is divided by 59?
22
What is the remainder when 100 is divided by 21?
16
Calculate the remainder when 616 is divided by 161.
133
What is the remainder when 86 is divided by 11?
9
What is the remainder when 2225 is divided by 7?
6
What is the remainder when 8084 is divided by 24?
20
What is the remainder when 115138 is divided by 13?
10
What is the remainder when 734 is divided by 158?
102
What is the remainder when 373 is divided by 18?
13
Calculate the remainder when 371 is divided by 62.
61
Calculate the remainder when 8727 is divided by 30.
27
